{"id":14,"date":"2024-12-18T17:06:59","date_gmt":"2024-12-18T17:06:59","guid":{"rendered":"https:\/\/dicanns.com\/shop\/?post_type=product&#038;p=14"},"modified":"2026-03-12T17:11:40","modified_gmt":"2026-03-12T17:11:40","slug":"edition-limitee-avec-personnage-hamburger","status":"publish","type":"product","link":"https:\/\/dicanns.com\/shop\/produit\/edition-limitee-avec-personnage-hamburger\/","title":{"rendered":"\u00c9dition Limit\u00e9e avec Personnage Hamburger"},"content":{"rendered":"<p>Attirez tous les regards et apportez une touche de fun \u00e0 votre ride avec notre planche de skate en \u00e9dition limit\u00e9e au design Hamburger ! Ce personnage audacieux et color\u00e9 inspir\u00e9 d\u2019un hamburger regorge de personnalit\u00e9. Parfaite pour ajouter du style \u00e0 votre collection ou rouler avec originalit\u00e9, cette planche combine un art unique et une construction de haute qualit\u00e9 pour une exp\u00e9rience de skate in\u00e9gal\u00e9e. Obtenez la v\u00f4tre avant qu\u2019elle ne soit d\u00e9vor\u00e9e<\/p>\n","protected":false},"excerpt":{"rendered":"<p>Attirez tous les regards et apportez une touche de fun \u00e0 votre ride avec notre planche de skate en \u00e9dition limit\u00e9e au design Hamburger ! Ce personnage audacieux et color\u00e9 inspir\u00e9 d\u2019un hamburger regorge de personnalit\u00e9. Parfaite pour ajouter du style \u00e0 votre collection ou rouler avec originalit\u00e9, cette planche combine un art unique et [&hellip;]<\/p>\n","protected":false},"featured_media":141,"comment_status":"open","ping_status":"closed","template":"","meta":{"inline_featured_image":false},"product_cat":[15],"product_tag":[],"class_list":{"0":"post-14","1":"product","2":"type-product","3":"status-publish","4":"has-post-thumbnail","6":"product_cat-uncategorized","8":"first","9":"outofstock","10":"taxable","11":"shipping-taxable","12":"purchasable","13":"product-type-simple"},"_links":{"self":[{"href":"https:\/\/dicanns.com\/shop\/wp-json\/wp\/v2\/product\/14","targetHints":{"allow":["GET"]}}],"collection":[{"href":"https:\/\/dicanns.com\/shop\/wp-json\/wp\/v2\/product"}],"about":[{"href":"https:\/\/dicanns.com\/shop\/wp-json\/wp\/v2\/types\/product"}],"replies":[{"embeddable":true,"href":"https:\/\/dicanns.com\/shop\/wp-json\/wp\/v2\/comments?post=14"}],"wp:featuredmedia":[{"embeddable":true,"href":"https:\/\/dicanns.com\/shop\/wp-json\/wp\/v2\/media\/141"}],"wp:attachment":[{"href":"https:\/\/dicanns.com\/shop\/wp-json\/wp\/v2\/media?parent=14"}],"wp:term":[{"taxonomy":"product_cat","embeddable":true,"href":"https:\/\/dicanns.com\/shop\/wp-json\/wp\/v2\/product_cat?post=14"},{"taxonomy":"product_tag","embeddable":true,"href":"https:\/\/dicanns.com\/shop\/wp-json\/wp\/v2\/product_tag?post=14"}],"curies":[{"name":"wp","href":"https:\/\/api.w.org\/{rel}","templated":true}]}}